+ 35*r**2. Let p(s) = s**2 + 2*s - 2. Let m be p(-2). List the prime factors of a(m).
5, 13
Let v(o) = o**3 - 66*o**2 - 229*o + 367. List the prime factors of v(77).
79, 607
Let y = -98 - -74. What are the prime factors of (-16)/y - 1812/(-9)?
2, 101
Let u(m) = 96*m - 643. List the prime factors of u(20).
1277
Let d = 3674 + 14225. List the prime factors of d.
7, 2557
Let i(m) = m**2 + 4*m**2 - 19*m**3 + 9 - m**2 + 7*m. Suppose -5*u - 2*y - 18 = 0, 2*y = 5*u + 313 - 311. What are the prime factors of i(u)?
163
Suppose 0 = -4*z - 4*o + 16, 0 = -3*z - 2*o + 3*o + 8. Suppose -g = -z*w - 802, w + 0*w - 5 = 0. What are the prime factors of g?
19, 43
Suppose -2*t - j + 24933 = -2*j, 5*t - 2*j - 62331 = 0. Suppose 17*f - 2*f = t. What are the prime factors of f?
3, 277
Suppose -7*h = -0*h - 14. Suppose -h = -2*v, -v = 6*l - 2*l - 1125. What are the prime factors of l?
281
Let v(k) = 114*k**3 - 1. Let b = -298 + 300. List the prime factors of v(b).
911
Let w(c) = c**3 - 5*c**2 - 5*c - 10. Let j be w(6). Let i be 46/8 + 3/j. Suppose 6*o = i*o + 93. List the prime factors of o.
3, 31
Suppose -14 = 3*l + 3*p - 5*p, -2*l - 5*p - 3 = 0. Let s be 1/((-2)/12)*(6 + l). Let u = s + 23. What are the prime factors of u?
11
Let j(s) = 67*s**3 - 128*s**2 - 5*s + 15. What are the prime factors of j(8)?
19, 1373
Let d be 6*(-2)/(-4)*1. Suppose -352 = -f - w, 0 = -d*f - 3*w + w + 1059. List the prime factors of f.
5, 71
Let x = -1317 + 780. Let t = -242 + 257. List the prime factors of x*((-11)/t + 10/25).
179
Suppose -427 - 13 = -22*i. Suppose -i*m - 2444 = -5824. What are the prime factors of m?
13
Let g be ((-10)/(-14))/((-8)/(-28))*-130. Let c = -166 - g. What are the prime factors of c?
3, 53
Suppose 484 + 20 = -4*k. What are the prime factors of 480/18*k/(-24)?
2, 5, 7
Let f = 16287 - -15264. Suppose 8687 = 31*r - f. List the prime factors of r.
2, 11, 59
Suppose -2*d + i = -26958, -2*d + 26950 = 45*i - 50*i. List the prime factors of d.
2, 5, 337
List the prime factors of (-2099120)/114*((-27)/(-12) + -3).
2, 5, 1381
Suppose 0 = 4*n - 8 - 4. Suppose n*c = 7*c - m - 5584, 0 = 3*c + 2*m - 4188. What are the prime factors of c?
2, 349
Let n be ((775/(-5))/(-5))/((-2)/(-22)). Suppose -g = u - n, u + 4*u = g - 341. List the prime factors of g.
11, 31
Let g(p) = -1289*p**3 - 2*p**2 - 12*p - 10. What are the prime factors of g(-1)?
1289
Let o = 2235 - -46. Suppose 2*l - 9347 = -5*a, -5*l = -3*a + 7883 - o. List the prime factors of a.
3, 7, 89
What are the prime factors of (-1 + 4/(36/(-291)))/((-18)/3132)?
2, 5, 29
Let d(p) be the second derivative of p**4/12 - 2*p**3/3 - 4*p**2 - 5*p. Let a be d(12). Let z = a - 72. What are the prime factors of z?
2
Suppose 315 - 4369 = -2*s. Suppose 6*y - 287 = -s. Let u = y + 428. List the prime factors of u.
2, 3, 23
Let s(t) = -t**2 - t - 1. Let y(m) = 6*m**2 + 7*m + 6. Let o(i) = -4*s(i) - y(i). Let w be o(-2). Let c(n) = -n**2 - 8*n + 3. List the prime factors of c(w).
19
Suppose -5*t + i + 13549 = 0, -692 - 10164 = -4*t + 5*i. List the prime factors of t.
3, 7, 43
Let h be 27/5 - (135/25 + -5). Suppose -2*q = h*d + 1039, 4*q - 2*d + 917 = -1173. What are the prime factors of q/(-8) - (-6)/8?
2, 3, 11
Suppose 25 + 26 = -3*m. Let v(j) = -54 + 355*j + 65 - 357*j. What are the prime factors of v(m)?
3, 5
Let p(u) = u**3 + 36*u**2 - 12*u - 63. Let z(w) = -8*w + 116. Let b be z(19). What are the prime factors of p(b)?
3, 41
Let q = -24 + 52. Let f be (37 - 3)/2*q. Suppose 3*v - f = -v. What are the prime factors of v?
7, 17
Suppose 0 = 4*c - 32 - 28. Suppose 3*i - 73 = 17. What are the prime factors of (-3)/c - (-1926)/i?
2
Let f = -29098 - -51673. What are the prime factors of f?
3, 5, 7, 43
Let l = 6737 - -2670. List the prime factors of l.
23, 409
Let w(z) = -833*z**3 + 3*z**2 + 7*z + 6. Let l(r) = r**3 + 7*r**2 - 2*r - 15. Let k be l(-7). What are the prime factors of w(k)?
5, 167
Suppose 2*c - 10 = u + 22, u = c - 17. What are the prime factors of (64/3)/(c/45)?
2
Suppose -67*d - 18178 = -75*d + 10502. What are the prime factors of d?
3, 5, 239
Suppose 0 = 2*x, 0*x - 4*x = -3*q - 3876. Let g = q + 2344. Suppose 4*m + 2*n = g, -n = m + n - 257. List the prime factors of m.
5, 53
Let s be ((-1290)/45)/((-2)/(-15)). Let i = 87 - s. What are the prime factors of i?
2, 151
Let f = 3 + -7. Suppose 1601*i - 23144 = 1609*i. List the prime factors of ((-2)/(-6))/(i/(-723) + f).
241
Suppose -17 = 3*b - 26. Let v(m) = 68*m + 7*m**2 + 27 - m**b - 80*m + 6*m**2. List the prime factors of v(12).
3
Let c(t) = -11 - 39*t**3 + 38*t**3 - 5*t + 8*t**2 - 2 + 4. Let x be c(7). Suppose j = -x*j + 1542. List the prime factors of j.
257
Let s be 543/(-2)*8/3. What are the prime factors of 2*-2 - (4 + s)?
2, 179
Suppose 0 = 3*u - 5781 - 15960. List the prime factors of u.
7247
Suppose -116 = 103*t - 105*t. Suppose 0 = -t*a - 2986 + 47240. What are the prime factors of a?
7, 109
Let l(a) = 100*a**2 + 6*a + 62. What are the prime factors of l(-9)?
2, 2027
Suppose -4*p = -5*r - 53331, 4*p = 3*r + 49691 + 3634. Suppose -h = 8*h - p. What are the prime factors of h?
1481
Let r(v) = v**3 + v**2 - 6*v + 5. Let x be (4/6)/(9/(7 + 74)). What are the prime factors of r(x)?
13, 17
Suppose 4*n + 23 = -5*j, 0*j + 2 = 5*n - 4*j. Let k be -10*n/(-6)*12/(-8). Let i(m) = m**3 - m - 6. What are the prime factors of i(k)?
2, 3, 19
Let s be (36/16 - 6)/((-3)/4). Suppose o - 301 = s*t, -o + 16*t = 12*t - 299. What are the prime factors of o?
3, 97
Let t = 12017 + 10816. List the prime factors of t.
3, 43, 59
What are the prime factors of 8/22 - 306364/(-22)?
2, 3, 11, 211
Let q be (-2 + -2)/(-1*(-4)/848). Let v = 71 - q. List the prime factors of v.
919
Let m(t) = -6*t - 17. Let o(v) = 7*v + 18. Let w(n) = 3*m(n) + 2*o(n). Suppose -839 + 983 = -18*a. What are the prime factors of w(a)?
17
Let o(a) = 10735*a + 38. Let f be o(6). Suppose -21*r = 32*r - f. What are the prime factors of r?
2, 19
Let y = 11611 + -6929. List the prime factors of y.
2, 2341
Let r = -294 + 581. Suppose 4*p - 337 = -t - 56, -4*p + t + r = 0. What are the prime factors of p?
71
Let n(t) = 38*t - 13. Let d = -71 - -80. Let x be (-11)/(-2) - d/6. What are the prime factors of n(x)?
139
Let s(w) = 16*w - 6. Let g be s(3). Suppose 0 = 7*v - v - g. Suppose -d + h = 4*h - v, 5*h = d + 1. List the prime factors of d.
2
Suppose -8098 = -7*i + 58192 - 5082. What are the prime factors of i?
2, 1093
Suppose -5*s - 3*a - 23 = 0, 6*s = 9*s - 3*a + 33. List the prime factors of 15*(s - (-987)/15).
2, 3, 7
Suppose -4*k + 96 = 3*w, -w - 80 = -7*k + 3*k. Suppose 1413 = 2*s + 3*c, -2109 = -3*s + 20*c - k*c. List the prime factors of s.
2, 3, 13
Suppose z + 4 = -0. Let c = 955 + -577. What are the prime factors of z/6*c/(-12)?
3, 7
List the prime factors of 3216 + 12*((-6)/9 + 5/15).
2, 11, 73
Suppose 0 = -2*b + 4, 27*b - 26*b + 9522 = u. List the prime factors of u.
2, 2381
Suppose -u - 2749 = 3*z - 6*z, 3*z + 2*u = 2746. What are the prime factors of z?
2, 229
Suppose 27*n - 50*n + 92 = 0. Suppose 2*x - 846 = n*s, 5*s - 1958 - 97 = -5*x. What are the prime factors of x?
5, 83
What are the prime factors of (19764/(-21))/(753/(-45682))?
2, 3, 13, 61
Suppose -2*d = 2*a - 33008, -2*a - 54395 = -5*d + 28139. What are the prime factors of d?
2, 3, 7, 131
Let m(t) be the first derivative of -7*t**2/2 - 16*t + 2. Let y(x) = x - 30. Let q be y(23). What are the prime factors of m(q)?
3, 11
Let h(u) = 65*u**3 - 6*u**2 + 5*u + 6. Suppose 22 = -35*t + 46*t. What are the prime factors of h(t)?
2
What are the prime factors of 1088925/(-100)*224/(-42)?
2, 14519
Suppose -4*q + 104 = -0*q - 3*r, -52 = -2*q + 4*r. Suppose -n = q - 2. Let o = 7 - n. List the prime factors of o.
31
Suppose -103 = 13*p - 311. Suppose p*r - 572 = 15*r. List the prime factors of r.
2, 11, 13
Let n be (6/8)/(9513/2380 - 4). Let r = n - -655. What are the prime factors of r?
2, 5
Suppose -22 = 3*w - 28. Let q(f) = -6*f + 10. Let v be q(w). What are the prime factors of (-80)/((-5 - -6)/(v/2))?
2, 5
Let i = 27989 + -18172. List the prime factors of i.
9817
Suppose 4*a - 9*a + 10 = 0. Suppose 4 = a*s - 46. Let l = s + 3. What are the prime factors of l?
2, 7
Let o = 26 + -21. Suppose -2*n + 71 = -o*q, 5*n + 6*q = 4*q + 221. List the prime factors of n